[INFO] fetching crate bls-signatures 0.6.1...
[INFO] checking bls-signatures-0.6.1 against master#cfbc6d4cf1acbac5c025acf8ed68929caa551df3 for pr-75494-beta
[INFO] extracting crate bls-signatures 0.6.1 into /workspace/builds/worker-9/source
[INFO] validating manifest of crates.io crate bls-signatures 0.6.1 on toolchain cfbc6d4cf1acbac5c025acf8ed68929caa551df3
[INFO] running `Command { std: "/workspace/cargo-home/bin/cargo" "+cfbc6d4cf1acbac5c025acf8ed68929caa551df3" "read-manifest" "--manifest-path" "Cargo.toml", kill_on_drop: false }`
[INFO] started tweaking crates.io crate bls-signatures 0.6.1
[INFO] finished tweaking crates.io crate bls-signatures 0.6.1
[INFO] tweaked toml for crates.io crate bls-signatures 0.6.1 written to /workspace/builds/worker-9/source/Cargo.toml
[INFO] crate crates.io crate bls-signatures 0.6.1 already has a lockfile, it will not be regenerated
[INFO] running `Command { std: "/workspace/cargo-home/bin/cargo" "+cfbc6d4cf1acbac5c025acf8ed68929caa551df3" "fetch" "--locked" "--manifest-path" "Cargo.toml", kill_on_drop: false }`
[INFO] [stderr]  Downloading crates ...
[INFO] [stderr]   Downloaded sha2ni v0.8.5
[INFO] [stderr]   Downloaded fff_derive v0.2.2
[INFO] [stderr]   Downloaded base64-serde v0.5.1
[INFO] [stderr]   Downloaded fff v0.2.2
[INFO] [stderr]   Downloaded paired v0.20.0
[INFO] [stderr]   Downloaded groupy v0.3.1
[INFO] running `Command { std: "docker" "create" "-v" "/var/lib/crater-agent-workspace/builds/worker-9/target:/opt/rustwide/target:rw,Z" "-v" "/var/lib/crater-agent-workspace/builds/worker-9/source:/opt/rustwide/workdir:ro,Z" "-v" "/var/lib/crater-agent-workspace/cargo-home:/opt/rustwide/cargo-home:ro,Z" "-v" "/var/lib/crater-agent-workspace/rustup-home:/opt/rustwide/rustup-home:ro,Z" "-e" "SOURCE_DIR=/opt/rustwide/workdir" "-e" "CARGO_TARGET_DIR=/opt/rustwide/target" "-e" "CARGO_HOME=/opt/rustwide/cargo-home" "-e" "RUSTUP_HOME=/opt/rustwide/rustup-home" "-w" "/opt/rustwide/workdir" "-m" "1610612736" "--user" "0:0" "--network" "none" "rustops/crates-build-env@sha256:a636fd89d022f18117e1dc8fb37a0a009933cdbbe082814857f0e2024962d47c" "/opt/rustwide/cargo-home/bin/cargo" "+cfbc6d4cf1acbac5c025acf8ed68929caa551df3" "metadata" "--no-deps" "--format-version=1", kill_on_drop: false }`
[INFO] [stdout] 980f4e882e327ab57ce72c9ae75a34f55741cadbdc37fa148ccfcc28f9265800
[INFO] [stderr] WARNING: Your kernel does not support swap limit capabilities or the cgroup is not mounted. Memory limited without swap.
[INFO] running `Command { std: "docker" "start" "-a" "980f4e882e327ab57ce72c9ae75a34f55741cadbdc37fa148ccfcc28f9265800", kill_on_drop: false }`
[INFO] running `Command { std: "docker" "inspect" "980f4e882e327ab57ce72c9ae75a34f55741cadbdc37fa148ccfcc28f9265800", kill_on_drop: false }`
[INFO] running `Command { std: "docker" "rm" "-f" "980f4e882e327ab57ce72c9ae75a34f55741cadbdc37fa148ccfcc28f9265800", kill_on_drop: false }`
[INFO] [stdout] 980f4e882e327ab57ce72c9ae75a34f55741cadbdc37fa148ccfcc28f9265800
[INFO] running `Command { std: "docker" "create" "-v" "/var/lib/crater-agent-workspace/builds/worker-9/target:/opt/rustwide/target:rw,Z" "-v" "/var/lib/crater-agent-workspace/builds/worker-9/source:/opt/rustwide/workdir:ro,Z" "-v" "/var/lib/crater-agent-workspace/cargo-home:/opt/rustwide/cargo-home:ro,Z" "-v" "/var/lib/crater-agent-workspace/rustup-home:/opt/rustwide/rustup-home:ro,Z" "-e" "SOURCE_DIR=/opt/rustwide/workdir" "-e" "CARGO_TARGET_DIR=/opt/rustwide/target" "-e" "CARGO_INCREMENTAL=0" "-e" "RUST_BACKTRACE=full" "-e" "RUSTFLAGS=--cap-lints=forbid" "-e" "CARGO_HOME=/opt/rustwide/cargo-home" "-e" "RUSTUP_HOME=/opt/rustwide/rustup-home" "-w" "/opt/rustwide/workdir" "-m" "1610612736" "--user" "0:0" "--network" "none" "rustops/crates-build-env@sha256:a636fd89d022f18117e1dc8fb37a0a009933cdbbe082814857f0e2024962d47c" "/opt/rustwide/cargo-home/bin/cargo" "+cfbc6d4cf1acbac5c025acf8ed68929caa551df3" "check" "--frozen" "--all" "--all-targets" "--message-format=json", kill_on_drop: false }`
[INFO] [stdout] f7ab20904a43a6e7f62e548ab8f2ee1b49c9f926e031a338082ba0e0d09edef3
[INFO] [stderr] WARNING: Your kernel does not support swap limit capabilities or the cgroup is not mounted. Memory limited without swap.
[INFO] running `Command { std: "docker" "start" "-a" "f7ab20904a43a6e7f62e548ab8f2ee1b49c9f926e031a338082ba0e0d09edef3", kill_on_drop: false }`
[INFO] [stderr]    Compiling autocfg v1.0.0
[INFO] [stderr]     Checking cfg-if v0.1.10
[INFO] [stderr]    Compiling proc-macro2 v1.0.18
[INFO] [stderr]    Compiling unicode-xid v0.2.1
[INFO] [stderr]    Compiling syn v1.0.33
[INFO] [stderr]    Compiling typenum v1.12.0
[INFO] [stderr]    Compiling getrandom v0.1.14
[INFO] [stderr]    Compiling cc v1.0.55
[INFO] [stderr]    Compiling maybe-uninit v2.0.0
[INFO] [stderr]    Compiling semver-parser v0.7.0
[INFO] [stderr]    Compiling bitflags v1.2.1
[INFO] [stderr]    Compiling serde_derive v1.0.114
[INFO] [stderr]    Compiling rayon-core v1.7.1
[INFO] [stderr]     Checking subtle v1.0.0
[INFO] [stderr]     Checking ppv-lite86 v0.2.8
[INFO] [stderr]     Checking scopeguard v1.1.0
[INFO] [stderr]     Checking byte-tools v0.3.1
[INFO] [stderr]    Compiling serde v1.0.114
[INFO] [stderr]     Checking constant_time_eq v0.1.5
[INFO] [stderr]    Compiling ryu v1.0.5
[INFO] [stderr]     Checking arrayref v0.3.6
[INFO] [stderr]     Checking arrayvec v0.5.1
[INFO] [stderr]     Checking opaque-debug v0.2.3
[INFO] [stderr]     Checking fake-simd v0.1.2
[INFO] [stderr]    Compiling serde_json v1.0.55
[INFO] [stderr]     Checking itoa v0.4.6
[INFO] [stderr]     Checking base64 v0.12.3
[INFO] [stderr]     Checking lazy_static v1.4.0
[INFO] [stderr]     Checking block-padding v0.1.5
[INFO] [stderr]    Compiling semver v0.9.0
[INFO] [stderr]     Checking blake2b_simd v0.5.10
[INFO] [stderr]    Compiling num-traits v0.2.12
[INFO] [stderr]    Compiling num-integer v0.1.43
[INFO] [stderr]    Compiling crossbeam-utils v0.7.2
[INFO] [stderr]    Compiling memoffset v0.5.4
[INFO] [stderr]    Compiling num-bigint v0.2.6
[INFO] [stderr]    Compiling crossbeam-epoch v0.8.2
[INFO] [stderr]    Compiling rayon v1.3.1
[INFO] [stderr]     Checking rand_core v0.5.1
[INFO] [stderr]    Compiling rustc_version v0.2.3
[INFO] [stderr]     Checking rand_chacha v0.2.2
[INFO] [stderr]     Checking rand_xorshift v0.2.0
[INFO] [stderr]     Checking rand v0.7.3
[INFO] [stderr]    Compiling quote v1.0.7
[INFO] [stderr]     Checking crossbeam-queue v0.2.3
[INFO] [stderr]    Compiling fff v0.2.2
[INFO] [stderr]    Compiling raw-cpuid v7.0.3
[INFO] [stderr]     Checking crossbeam-deque v0.7.3
[INFO] [stderr]     Checking generic-array v0.12.3
[INFO] [stderr]     Checking digest v0.8.1
[INFO] [stderr]     Checking crypto-mac v0.7.0
[INFO] [stderr]     Checking block-buffer v0.7.3
[INFO] [stderr]     Checking hmac v0.7.1
[INFO] [stderr]     Checking hkdf v0.8.0
[INFO] [stderr]     Checking sha2ni v0.8.5
[INFO] [stderr]    Compiling fff_derive v0.2.2
[INFO] [stderr]    Compiling thiserror-impl v1.0.20
[INFO] [stderr]     Checking thiserror v1.0.20
[INFO] [stderr]     Checking groupy v0.3.1
[INFO] [stderr]     Checking paired v0.20.0
[INFO] [stderr]     Checking bls-signatures v0.6.1 (/opt/rustwide/workdir)
[INFO] [stderr]     Checking base64-serde v0.5.1
[INFO] [stdout] error[E0432]: unresolved import `rand_xorshift`
[INFO] [stdout]  --> benches/sign.rs:8:5
[INFO] [stdout]   |
[INFO] [stdout] 8 | use rand_xorshift::XorShiftRng;
[INFO] [stdout]   |     ^^^^^^^^^^^^^ use of undeclared type or module `rand_xorshift`
[INFO] [stdout] 
[INFO] [stdout] 
[INFO] [stdout] error[E0554]: `#![feature]` may not be used on the beta release channel
[INFO] [stdout]  --> benches/sign.rs:1:1
[INFO] [stdout]   |
[INFO] [stdout] 1 | #![feature(test)]
[INFO] [stdout]   | ^^^^^^^^^^^^^^^^^
[INFO] [stdout] 
[INFO] [stdout] 
[INFO] [stdout] warning: unused import: `SeedableRng`
[INFO] [stdout]  --> benches/sign.rs:7:17
[INFO] [stdout]   |
[INFO] [stdout] 7 | use rand::{Rng, SeedableRng};
[INFO] [stdout]   |                 ^^^^^^^^^^^
[INFO] [stdout]   |
[INFO] [stdout]   = note: `#[warn(unused_imports)]` on by default
[INFO] [stdout] 
[INFO] [stdout] 
[INFO] [stdout] error[E0432]: unresolved import `rand_xorshift`
[INFO] [stdout]  --> benches/serialize.rs:8:5
[INFO] [stdout]   |
[INFO] [stdout] 8 | use rand_xorshift::XorShiftRng;
[INFO] [stdout]   |     ^^^^^^^^^^^^^ use of undeclared type or module `rand_xorshift`
[INFO] [stdout] 
[INFO] [stdout] 
[INFO] [stdout] error[E0554]: `#![feature]` may not be used on the beta release channel
[INFO] [stdout]  --> benches/serialize.rs:1:1
[INFO] [stdout]   |
[INFO] [stdout] 1 | #![feature(test)]
[INFO] [stdout]   | ^^^^^^^^^^^^^^^^^
[INFO] [stdout] 
[INFO] [stdout] 
[INFO] [stdout] warning: unused import: `SeedableRng`
[INFO] [stdout]  --> benches/serialize.rs:7:17
[INFO] [stdout]   |
[INFO] [stdout] 7 | use rand::{Rng, SeedableRng};
[INFO] [stdout]   |                 ^^^^^^^^^^^
[INFO] [stdout]   |
[INFO] [stdout]   = note: `#[warn(unused_imports)]` on by default
[INFO] [stdout] 
[INFO] [stdout] 
[INFO] [stdout] error[E0432]: unresolved import `rand_xorshift`
[INFO] [stdout]  --> benches/verify.rs:8:5
[INFO] [stdout]   |
[INFO] [stdout] 8 | use rand_xorshift::XorShiftRng;
[INFO] [stdout]   |     ^^^^^^^^^^^^^ use of undeclared type or module `rand_xorshift`
[INFO] [stdout] 
[INFO] [stdout] 
[INFO] [stdout] error[E0554]: `#![feature]` may not be used on the beta release channel
[INFO] [stdout]  --> benches/verify.rs:1:1
[INFO] [stdout]   |
[INFO] [stdout] 1 | #![feature(test)]
[INFO] [stdout]   | ^^^^^^^^^^^^^^^^^
[INFO] [stdout] 
[INFO] [stdout] 
[INFO] [stdout] warning: unused import: `SeedableRng`
[INFO] [stdout]  --> benches/verify.rs:7:17
[INFO] [stdout]   |
[INFO] [stdout] 7 | use rand::{Rng, SeedableRng};
[INFO] [stdout]   |                 ^^^^^^^^^^^
[INFO] [stdout]   |
[INFO] [stdout]   = note: `#[warn(unused_imports)]` on by default
[INFO] [stdout] 
[INFO] [stdout] 
[INFO] [stdout] warning: unused import: `Rng`
[INFO] [stdout]  --> benches/sign.rs:7:12
[INFO] [stdout]   |
[INFO] [stdout] 7 | use rand::{Rng, SeedableRng};
[INFO] [stdout]   |            ^^^
[INFO] [stdout] 
[INFO] [stdout] 
[INFO] [stdout] error: aborting due to 2 previous errors; 2 warnings emitted
[INFO] [stdout] 
[INFO] [stdout] 
[INFO] [stdout] Some errors have detailed explanations: E0432, E0554.
[INFO] [stdout] 
[INFO] [stdout] For more information about an error, try `rustc --explain E0432`.
[INFO] [stdout] 
[INFO] [stdout] warning: unused import: `Rng`
[INFO] [stdout]  --> benches/serialize.rs:7:12
[INFO] [stdout]   |
[INFO] [stdout] 7 | use rand::{Rng, SeedableRng};
[INFO] [stdout]   |            ^^^
[INFO] [stdout] 
[INFO] [stdout] 
[INFO] [stderr] error: could not compile `bls-signatures`.
[INFO] [stdout] error: aborting due to 2 previous errors; 2 warnings emitted
[INFO] [stdout] 
[INFO] [stdout] 
[INFO] [stderr] 
[INFO] [stdout] Some errors have detailed explanations: E0432, E0554.
[INFO] [stdout] 
[INFO] [stderr] To learn more, run the command again with --verbose.
[INFO] [stdout] For more information about an error, try `rustc --explain E0432`.
[INFO] [stdout] 
[INFO] [stderr] warning: build failed, waiting for other jobs to finish...
[INFO] [stdout] error[E0308]: mismatched types
[INFO] [stdout]   --> benches/verify.rs:45:40
[INFO] [stdout]    |
[INFO] [stdout] 45 |             b.iter(|| black_box(verify(&aggregated_signature, &hashes, &public_keys)))
[INFO] [stdout]    |                                        ^^^^^^^^^^^^^^^^^^^^^ expected struct `bls_signatures::Signature`, found enum `std::result::Result`
[INFO] [stdout] ...
[INFO] [stdout] 50 | bench_verify!(bench_verify_1, 1);
[INFO] [stdout]    | --------------------------------- in this macro invocation
[INFO] [stdout]    |
[INFO] [stdout]    = note: expected reference `&bls_signatures::Signature`
[INFO] [stdout]               found reference `&std::result::Result<bls_signatures::Signature, bls_signatures::Error>`
[INFO] [stdout]    = note: this error originates in a macro (in Nightly builds, run with -Z macro-backtrace for more info)
[INFO] [stdout] 
[INFO] [stdout] 
[INFO] [stdout] error[E0308]: mismatched types
[INFO] [stdout]   --> benches/verify.rs:45:40
[INFO] [stdout]    |
[INFO] [stdout] 45 |             b.iter(|| black_box(verify(&aggregated_signature, &hashes, &public_keys)))
[INFO] [stdout]    |                                        ^^^^^^^^^^^^^^^^^^^^^ expected struct `bls_signatures::Signature`, found enum `std::result::Result`
[INFO] [stdout] ...
[INFO] [stdout] 51 | bench_verify!(bench_verify_10, 10);
[INFO] [stdout]    | ----------------------------------- in this macro invocation
[INFO] [stdout]    |
[INFO] [stdout]    = note: expected reference `&bls_signatures::Signature`
[INFO] [stdout]               found reference `&std::result::Result<bls_signatures::Signature, bls_signatures::Error>`
[INFO] [stdout]    = note: this error originates in a macro (in Nightly builds, run with -Z macro-backtrace for more info)
[INFO] [stdout] 
[INFO] [stdout] 
[INFO] [stdout] error[E0308]: mismatched types
[INFO] [stdout]   --> benches/verify.rs:45:40
[INFO] [stdout]    |
[INFO] [stdout] 45 |             b.iter(|| black_box(verify(&aggregated_signature, &hashes, &public_keys)))
[INFO] [stdout]    |                                        ^^^^^^^^^^^^^^^^^^^^^ expected struct `bls_signatures::Signature`, found enum `std::result::Result`
[INFO] [stdout] ...
[INFO] [stdout] 52 | bench_verify!(bench_verify_100, 100);
[INFO] [stdout]    | ------------------------------------- in this macro invocation
[INFO] [stdout]    |
[INFO] [stdout]    = note: expected reference `&bls_signatures::Signature`
[INFO] [stdout]               found reference `&std::result::Result<bls_signatures::Signature, bls_signatures::Error>`
[INFO] [stdout]    = note: this error originates in a macro (in Nightly builds, run with -Z macro-backtrace for more info)
[INFO] [stdout] 
[INFO] [stdout] 
[INFO] [stdout] warning: unused import: `Rng`
[INFO] [stdout]  --> benches/verify.rs:7:12
[INFO] [stdout]   |
[INFO] [stdout] 7 | use rand::{Rng, SeedableRng};
[INFO] [stdout]   |            ^^^
[INFO] [stdout] 
[INFO] [stdout] 
[INFO] [stdout] error: aborting due to 5 previous errors; 2 warnings emitted
[INFO] [stdout] 
[INFO] [stdout] 
[INFO] [stdout] Some errors have detailed explanations: E0308, E0432, E0554.
[INFO] [stdout] 
[INFO] [stdout] For more information about an error, try `rustc --explain E0308`.
[INFO] [stdout] 
[INFO] [stderr] error: build failed
[INFO] running `Command { std: "docker" "inspect" "f7ab20904a43a6e7f62e548ab8f2ee1b49c9f926e031a338082ba0e0d09edef3", kill_on_drop: false }`
[INFO] running `Command { std: "docker" "rm" "-f" "f7ab20904a43a6e7f62e548ab8f2ee1b49c9f926e031a338082ba0e0d09edef3", kill_on_drop: false }`
[INFO] [stdout] f7ab20904a43a6e7f62e548ab8f2ee1b49c9f926e031a338082ba0e0d09edef3
